0, 4*d - 9*b = -7*b + 6500. What is the highest common divisor of 500 and d?
125
Let z(g) = g**3 - 13*g**2 + 2*g + 31. Let b be z(9). Let p = 293 + b. What is the highest common divisor of p and 342?
18
Let u be (-452)/32*-2 - 3/12. Suppose 34*k - u*k = 1242. Calculate the greatest common divisor of 23 and k.
23
Suppose -26*s + 472347 + 262413 = 0. What is the highest common factor of 180 and s?
180
Suppose -d - 25*y + 10 = -21*y, -4*d + 5*y + 82 = 0. What is the highest common factor of 58 and d?
2
Suppose 0 = -26*i + 159 + 49. Let g(x) = x**3 + 16*x**2 - x - 15. Let v be g(-16). What is the greatest common divisor of i and v?
1
Let b(k) be the second derivative of k**5/20 - 5*k**4/12 - 4*k**3/3 + 30*k**2 - 74*k. Let d be b(6). Calculate the greatest common factor of d and 112.
16
Let v = 5 - -72. Let q = -16150 + 16171. Calculate the greatest common divisor of v and q.
7
Suppose -5 = 5*j, -3*n + 22 = -3*j - j. Let b be 14/(-21) - (-5040)/27. What is the highest common factor of b and n?
6
Let m be (-12)/(-4) - (2 + -1) - -14. Let s(x) = m*x**2 - 68*x - 6 - 67*x - 2*x**3 + 136*x. Let f be s(8). What is the greatest common factor of f and 14?
2
Suppose -314 = -4*c - 14. Suppose 2*b + 4*y = 100, 4*b - 4*y - 22 = 178. What is the greatest common factor of c and b?
25
Suppose 8*t - 3389 + 821 = 0. Let h = t + -309. Calculate the greatest common factor of h and 24.
12
Suppose 0 = -17*m + 20*m - q - 282, 80 = m + 2*q. What is the greatest common factor of 8 and m?
4
Let t(z) = -z**2 - 24*z + 38. Let v be t(-24). Let c = -26 + v. Let d be c*((-1 - 0) + (-5)/(-2)). What is the greatest common factor of 234 and d?
18
Let u(w) = 16*w**2 + 4*w. Let s be u(-1). Let b be -4*(-2 + -4)/s. Calculate the greatest common factor of b and 5.
1
Let r = 116622 + -71149. What is the greatest common divisor of 37 and r?
37
Suppose -426 = -2*u - 5*y + 210, -1023 = -3*u + 4*y. What is the highest common factor of 888 and u?
111
Let n(q) = 20*q**2 - 74*q + 332. Let c be n(4). Calculate the greatest common divisor of c and 890.
178
Let a = -231 - -430. Suppose 2*s - a = -5*o, s + s = 2*o + 206. Let c(d) = 17*d**3 - d + 1. Let h be c(1). What is the greatest common factor of h and s?
17
Suppose -5258 + 1142 = -84*j. Calculate the greatest common factor of j and 399.
7
Suppose 3*z = 24*z - 1344. Suppose z*s = 9701 + 12763. Calculate the highest common factor of 27 and s.
27
Suppose -3*h + 363 = 5*j, -2*j = -316*h + 319*h - 147. Calculate the greatest common factor of j and 16.
8
Let i = -613 + 434. Suppose 179 + 84 = -a. Let q = i - a. Calculate the highest common divisor of q and 12.
12
Suppose 218 = 4*d + 2*m, 3*d - 5*m + 129 = 5*d. Suppose -2*v + 23 = -5*k, -2*k - 8 = v + 2*k. Calculate the greatest common divisor of d and v.
4
Let f = 138 + -103. Let p be (4/(80/f))/((-1)/(-4)). Let u(c) = -c**3 - 4*c**2 + 6*c - 8. Let g be u(-6). Calculate the highest common factor of g and p.
7
Suppose -116 = -4*s - 4. Let x(g) = 0*g**2 + 10*g + 2*g**2 - 11*g + 18. Let h be x(-8). What is the highest common factor of h and s?
14
Suppose -5*m = w - 284, 843*m + 2*w = 847*m - 230. Calculate the greatest common divisor of m and 2527.
19
Suppose 0 = -2*j + 4*g + 482, 730 = 3*j + 3*g - 20. Calculate the highest common factor of j and 475.
19
Let i(m) = -3*m**2 - 27*m + 225. Let y(f) = -f**2 - 9*f + 75. Let t(a) = 2*i(a) - 7*y(a). Let c be t(-17). Calculate the greatest common factor of 183 and c.
61
Let p = 96 + 1. Suppose 9*k = -p + 187. What is the highest common divisor of k and 410?
10
Suppose 13*i - 8*i = -z + 2641, 3*z = 2*i - 1053. Let n = -456 + i. Calculate the highest common factor of n and 180.
36
Let u = -29 - -65. Let x = u - 23. Suppose -2*s = -49 - 3. What is the greatest common divisor of x and s?
13
Let t = -11 - -13. Suppose 161 = -3*s + 6*s - r, 4*s + t*r = 218. Let w = -48 + s. What is the greatest common factor of 3 and w?
3
Let l(z) = 20*z**2 - 6*z. Let p be l(-1). Let g = -1 + 2. Let b be (26/p)/(g*2/68). Calculate the highest common divisor of b and 85.
17
Let j(r) be the first derivative of r**2/2 - 5*r - 20. Let x be j(2). Let d be 35 - ((-9)/x - 4). What is the greatest common divisor of d and 12?
12
Let s be (13878/144)/(7/56). Calculate the highest common factor of s and 3.
3
Suppose 13*s = 11*s + 6. Suppose -s*w - 2*w = -235. Let t = w - 37. What is the greatest common factor of 10 and t?
10
Suppose -3 = -m, 2*s - 5*m - 774 = -s. Let q = s - 161. Calculate the highest common factor of 357 and q.
51
Let p be -27*((-385)/21 - 14). What is the greatest common factor of 194 and p?
97
Suppose 4*f - 3202 = t - 172, f - 3*t - 741 = 0. Calculate the highest common divisor of 297 and f.
33
Let y = 23 - -5. Suppose 2*p = 5*q - 673, 8*q = 4*p + 9*q + 1291. Let f be -1 - -4 - (-16)/((-64)/p). Calculate the greatest common divisor of y and f.
28
Let w be -3 - 50/(-5)*(-23)/2. Let d = 2 - w. Calculate the highest common divisor of 15 and d.
15
Let o be (-2)/21 - ((-72098)/273 + 16). Calculate the greatest common divisor of 28 and o.
4
Let x(y) be the first derivative of 11/2*y**2 - 3 + 1/3*y**3 + 10*y. Let b be x(-12). What is the highest common factor of b and 198?
22
Let q = -1880 - -2083. What is the greatest common divisor of 406 and q?
203
Let h = 132 + 167. Let w = -275 + 111. Let s = h + w. What is the highest common divisor of 15 and s?
15
Suppose -5*r - 3*m = 5, 1 - 8 = -r + m. Suppose r*p + 444 - 1192 = 0. Let t(c) = c + 23. Let q be t(11). Calculate the highest common factor of p and q.
34
Let a be (-30)/((-62)/(-48) - 20/12). Suppose -4*n + n + 5*d = -a, 4*d + 22 = n. Let z be (150/4)/((-1)/(-2)). Calculate the highest common factor of z and n.
15
Suppose -2*m + w = 12*w - 209, w - 73 = -m. Suppose -2*k = 3*k - 1650. Calculate the greatest common divisor of k and m.
66
Let d be (-240)/140*(-42)/(-9) - -10. Calculate the highest common factor of 1366 and d.
2
Let n(l) = 797*l - 1771. Let m be n(7). What is the greatest common divisor of m and 28?
28
Suppose 2*t + 4*a = -24, -7 = 5*t - 4*t + a. Let l be 2*4*105/(-84). Let m be t/l + 13/((-65)/(-24)). Calculate the greatest common factor of m and 55.
5
Suppose 3*p = -3*j - 114, -2*p = -j + 6*j + 61. Let s be (p - 1)/(1*-2 - 0). Suppose b - 3 = 8. What is the highest common factor of s and b?
11
Let y(b) = -5 + 96*b**2 - b**3 + 6 - 90*b**2 - 4*b. Let x be y(4). What is the highest common divisor of x and 459?
17
Let j(k) = -8*k**3 - k**2 + 22*k + 79. Let q be j(-6). What is the greatest common factor of q and 44?
11
Suppose -5*d = -d + o - 139, 4*d - o - 141 = 0. Let x be (-3)/(135/d + -4). Calculate the highest common factor of x and 24.
3
Suppose 673244 = 609*c - 367*c. Calculate the greatest common divisor of 117 and c.
13
Suppose 4*u - 3*m + 46 = 0, -u + 8*m - 20 = 3*m. Let n be 4/(-20)*-58 - u/25. What is the greatest common factor of 12 and n?
12
Suppose 0 = 8*z - 10*z + 12. What is the highest common divisor of z and 1014?
6
Let d = 118 + -3. Suppose 16*x - d = 77. What is the highest common factor of x and 96?
12
Let m be (23/5 + 1)/(42/315). Let v be (-1980)/(-12) + 3*1. What is the highest common divisor of m and v?
42
Let i(c) = 26*c**2 - 284*c + 3864. Let q be i(15). Calculate the greatest common factor of 1616 and q.
202
Suppose 3*d - 5*x - 64 = 0, 23*d - 26*d = -2*x - 49. Let q(l) = -2*l**3 - 2*l**2 - l. Let r be q(-3). What is the highest common divisor of d and r?
13
Suppose -10*i = -32*i + 66. Suppose 4*u - 326 = -2*k, -7*u - 4*k + 328 = -i*u. Calculate the greatest common divisor of u and 9.
9
Let m be 414*(-72 - -65 - ((-93)/6 - -2)). What is the highest common factor of m and 2106?
117
Let i be 2/(14/(-49)) + 222 - (2 + 3). Calculate the greatest common factor of i and 1610.
70
Suppose 5*c + 3*d - 456 = 0, 11*c - 360 = 7*c - 4*d. What is the greatest common divisor of c and 6231?
93
Let w(b) = b**3 - 3*b**2 - 5*b + 26. Let r be w(5). Let s = 103 + r. What is the greatest common factor of 14 and s?
14
Let w(l) = 89*l**2 - 43*l + 150. Let z be w(9). What is the highest common factor of z and 7?
7
Let u = -12458 - -13010. Let y be (-2)/(1 - 3) + 7. Calculate the highest common divisor of y and u.
8
Suppose 50*p = 12*p + 557 - 139. Suppose -4*l + 2*l = -4*g + 406, -4*g + 5*l + 421 = 0. Calcula